rmine a(u).
-9
Let f(d) = -3*d - 122. Let k(m) = 2*m + 41. Let u(n) = -3*f(n) - 8*k(n). Give u(6).
-4
Let r(l) = l**3 - 16*l**2 - l + 14. Suppose 5*u - 4*o - 84 = 0, 0*u + 46 = 3*u + 2*o. Calculate r(u).
-2
Suppose -7*u + 2 = 2. Let x(l) = l**2 + l - 5. Calculate x(u).
-5
Let m be (84/56)/((-3)/6). Let i(a) = -a**2 - 5*a - 9. Give i(m).
-3
Let w(v) = v**2 - 12*v + 5. Let s = 659 + -647. What is w(s)?
5
Let y(b) be the third derivative of b**7/2520 + b**6/360 - 13*b**5/60 + 5*b**2. Let v(r) be the third derivative of y(r). Give v(-3).
-4
Let f(g) = -g**3 - g**2 + g - 7. Let b be (-3 + 98/8)*-4. Let s = -37 - b. Give f(s).
-7
Suppose 2*a + 4 = -2*g + 20, 3*g = 5*a. Let n(i) = 88 - 90 + 6*i - 4*i - 3*i + 3*i. What is n(g)?
8
Let f(g) = g + 2. Let a(p) = -2*p - 4. Let d(b) = 6*a(b) + 11*f(b). Let j be -7*(5/(-25))/(1/(-5)). What is d(j)?
5
Suppose 3*k - 18 = 3*s, k + 2 = -s + 4*k. Let w be (s/(-14))/(24/84). Let j(n) = -n**2 + 1 + 2*n + 0 - 3*n**w + 3*n**2. Determine j(-2).
-7
Let o = 93 + -101. Let x(z) = -z**2 - 1. Let b(m) = -2*m**2 - 8*m - 5. Let v(f) = b(f) - x(f). What is v(o)?
-4
Suppose 4 = n - 3*n. Let y(o) = 2*o**2 + 2*o - 2. Let m be y(n). Let f(p) = -m*p - 2 + 1 + 0 + 5*p. Determine f(-1).
-4
Let u(w) be the second derivative of -w**5/20 + w**4/4 - w**3/3 - w**2/2 + 3*w. Let c = 406 - 403. Calculate u(c).
-7
Let j(d) = 2*d**3 + 8*d**2 - 13. Let l(w) = 2*w**3 + 7*w**2 - 11. Let u(s) = -5*j(s) + 6*l(s). What is u(1)?
3
Let h = -11 - -30. Let q(t) = 0*t**2 + 20*t - h*t + 2 + t**2 - 5. Let n(d) = -d**3 + 6*d**2 + 8*d - 7. Let u be n(7). What is q(u)?
-3
Let g(p) = -2*p**2 + 16*p - 29. Let v be g(7). Let l(q) = q**3 + 13*q**2 - 32*q - 35. Determine l(v).
-5
Suppose 3*u - 4*x - 23 = 0, 0 = u - 7*x + 11*x + 3. Let i(o) = o**2 - o. Let c(y) = -7*y**2 + 11*y + 1. Let k(m) = c(m) + 6*i(m). Determine k(u).
1
Let c(s) be the second derivative of 4*s**3/3 - s**2/2 + 93*s. Determine c(-2).
-17
Let s(n) be the second derivative of -5*n**3/6 + 2*n. Suppose -27*q + 6 = -21*q. Determine s(q).
-5
Let g(o) be the third derivative of -o**4/24 + 11*o**3/6 - 16*o**2. Let b be g(14). Let m(q) = -q**2 - q + 3. Calculate m(b).
-3
Let z(b) be the first derivative of 11*b**2/2 + 5*b + 135. Determine z(-5).
-50
Let f(d) be the second derivative of d**3/6 + 7*d**2/2 - 53*d. Determine f(-11).
-4
Let g(f) = 16*f**3 - f. Let l = -9 - -24. Let q be (-350)/l - 1/(-3). Let p = q - -22. Calculate g(p).
-15
Let q(c) be the first derivative of -c**3/3 - 2*c**2 + 6*c - 45. Calculate q(-5).
1
Let r(t) = -t**3 - 2*t**2 + 2. Let v(i) = -3*i**3 - 10*i**2 - 5*i + 3. Let p(b) = 2*r(b) - v(b). Give p(-5).
1
Let q(t) = 6*t**2 - 4*t - 5. Let k(r) = 7*r**2 - 3*r - 4. Let b(m) = -4*k(m) + 3*q(m). Let g(l) = -l**2 + 7*l - 11. Let w be g(4). Determine b(w).
-9
Let z(t) = -t**2 - 3*t. Let p(y) = 6*y**3 + 2*y**2 - 8*y + 4. Let c(b) = -7*b**3 - 2*b**2 + 9*b - 4. Let k(u) = -5*c(u) - 6*p(u). Let j be k(-3). What is z(j)?
-4
Let s(a) = a**3 - 4*a**2 - 6*a - 3. Let w be (-9)/(-12)*(320/12)/4. Calculate s(w).
-8
Let a(p) = -34*p**2 + 6*p + 15. Let v(o) = -20*o**2 + 3*o + 9. Let k(x) = -4*a(x) + 7*v(x). Let g = -2 - -1. Let q be (g + 2)*2 - 0. What is k(q)?
-19
Let b(l) be the second derivative of -l**4/24 - 2*l**3/3 - l**2/2 + 4*l. Let n(k) be the first derivative of b(k). Let j be -2 + (2 + -1 - 2). What is n(j)?
-1
Suppose -5*q - 5 - 25 = 0. Let y(b) be the third derivative of b**6/120 + b**5/10 + b**3/6 - 58*b**2. Give y(q).
1
Let v(g) be the first derivative of g**4/24 + 5*g**3/6 - 11*g**2/2 + 5. Let n(l) be the second derivative of v(l). What is n(-6)?
-1
Suppose 39 = d - 4*d - 5*l, 0 = 5*l. Let b = 15 + d. Suppose -i + 2*i + c = 6, b*i = -3*c + 13. Let o(j) = j**3 - 4*j**2 - 4*j + 3. What is o(i)?
8
Let l(z) be the second derivative of 1/2*z**2 + 0 + z - z**3. Let b = 2 + -1. Give l(b).
-5
Let g = 10 - 5. Suppose -h = g*l - 5, -4*h - 6 = -26. Let o(z) be the third derivative of -z**6/120 - z**5/60 + 5*z**3/6 + 39*z**2 - 3. Calculate o(l).
5
Let f(j) be the second derivative of j**4/12 - 5*j**3/6 + j**2 + 82*j. Let s = 4 - -2. Suppose s*z - 12 = 3*z. Determine f(z).
-2
Let t be (-2 - 0)/(50/75). Let f(d) = -26 - d**3 - 27 + 50 - d**2 - 3*d. Calculate f(t).
24
Let t(z) be the first derivative of z**2/2 + 9*z + 123. Suppose -h - 6 + 2 = 0. Give t(h).
5
Let q(p) = -p**2 - 5*p - 1. Let w = 28 + -46. Let z = 922 + -910. Let i = z + w. What is q(i)?
-7
Suppose 5*s = -18 - 42. Let u = s + 17. Let j(c) = c**2 - 5*c + 2. Determine j(u).
2
Suppose 6 = d + 4*x - 9, -4*d + 3*x + 3 = 0. Let f(h) = d*h**3 + 0 - 3*h - 4*h**3 + 4*h**2 + 0 - 2. Give f(3).
-2
Suppose 276 = -h + 3*h - 2*o, -3*h = 2*o - 399. Let u(x) = 71*x**2 + 63*x**2 + 5 - h*x**2. Determine u(0).
5
Let a(o) = o**2 - 5*o - 7. Let k(c) = 4*c**2 - 7*c + 4. Let l be k(2). What is a(l)?
-1
Suppose -58 = -4*r + 30. Suppose 2*d + 2*u + r = -d, -3 = 2*d - u. Let z = d - -3. Let n(m) = 3*m**3 - m. Give n(z).
-2
Let s(j) = -j**3 + 10*j**2 - j + 13. Suppose -5*y + 7*l - 5*l = -58, -3*y + 10 = 5*l. Determine s(y).
3
Let o(t) = 14*t**2 + 23*t + 23. Let z(p) = 5*p**2 + 8*p + 8. Let v(f) = -6*o(f) + 17*z(f). Determine v(3).
1
Let z = -221 + 223. Let d(s) = 5*s + 1. Give d(z).
11
Let z(l) be the second derivative of -l**5/20 - l**4/6 + l**3/3 - l**2 - 52*l. What is z(2)?
-14
Let n(p) = 5*p**2 - p + 6. Let z(h) = -4*h**2 + 2*h - 5. Let u(b) = 3*n(b) + 4*z(b). Let i = 484 - 480. Determine u(i).
2
Let m = -2 - -10. Suppose -3*i = -m + 2. Let o(x) = x**2 - 2*x**i - 2 - 6*x - 4*x**2 + 4*x**2. Determine o(-3).
7
Let t(j) be the first derivative of -20 + 4/3*j**3 - 1/4*j**4 + 5*j + 3/2*j**2. Let f be (-32)/(-6) - (-2)/(-6). Give t(f).
-5
Let x(o) be the second derivative of -3*o + 5/2*o**2 + 1/6*o**3 + 0. Let w = -51 - -57. What is x(w)?
11
Let z be (-3)/((-1)/8*3). Let j(a) = -a**3 - 6*a**2 + 0 + 8 - 5*a**3 - 2*a**2 - a + 7*a**3. Determine j(z).
0
Let o(f) be the first derivative of -f**3/3 - 27*f + 37. Give o(0).
-27
Let l(p) be the second derivative of -5/12*p**4 - 1/6*p**3 + 5/2*p**2 - 2*p + 1/20*p**5 + 0. Calculate l(5).
0
Let s(i) = 35*i - 29. Let j(f) = 9*f - 8. Let v(k) = 23*j(k) - 6*s(k). Determine v(-12).
26
Let x(q) = -q**3 + 4*q**2 - 6*q. Let j(b) = b**2 - 19*b - 38. Let y be j(-2). Give x(y).
-24
Let h(c) = 2 + 5*c**2 - c**3 - 1 + c - 4*c**2. Let w(a) = -2*a - 6*a - 25*a**2 - 3*a - 7 + 24*a**2. Let m be w(-10). Give h(m).
-14
Let j(l) = -2*l - 1. Let h = -60 - -63. Determine j(h).
-7
Let j(a) = 3*a**2 - 2*a + 1. Let h be j(1). Let r(f) = 1 + f + h*f**2 + 0*f**3 - f**3 + 2*f**3. Let t be r(-2). Let k(o) = 2*o**3 - o**2. Determine k(t).
-3
Let u(b) = 13*b - 3. Let s(w) = 7*w - 1. Let j(f) = -4*s(f) + 2*u(f). Determine j(3).
-8
Let g(u) be the second derivative of u**5/20 - 5*u**4/12 + u**3 + u**2 - 408*u. Calculate g(3).
2
Let r be (-786)/(-39) + (-4)/26. Suppose 3*a + 4*j = -r, -2*a - 2*j - 16 = 2*j. Let d(f) = f + 2. Determine d(a).
-2
Let n(d) = 7*d. Let v be (-15)/(-25) - (-1 - (-774)/(-10)). Let i = 77 - v. What is n(i)?
-14
Let x(r) be the first derivative of -r**5/120 + r**4/8 + 41*r**3/3 - 43. Let v(c) be the third derivative of x(c). Suppose 21 = 5*m - 14. What is v(m)?
-4
Let l be (-6)/(-33) - ((-40)/22 - -3). Let k(m) = m**3 - m**2. Let q(z) = -3*z**3 + z**2 - 2*z - 3. Let t(n) = l*q(n) - 4*k(n). Calculate t(3).
9
Let w(a) = -a**3 - 6*a**2 - 3*a + 5. Let r(k) be the first derivative of -k**3/3 + 13*k**2/2 + 10*k + 20. Let s = 1 - -13. Let j be r(s). Calculate w(j).
-15
Let f(y) = -y**2 + 6*y - 5. Let t = -66 - -72. Give f(t).
-5
Let v(w) be the first derivative of w**4/4 + 5*w**3/3 + w**2/2 - 4*w + 166. What is v(-5)?
-9
Let c(g) = -g - 19. Suppose -6*y - 7*y - 195 = 0. What is c(y)?
-4
Let k(p) be the third derivative of p**8/3360 + p**7/630 + p**6/180 + p**5/40 + 5*p**4/12 - 4*p**2. Let t(q) be the second derivative of k(q). Calculate t(-2).
-5
Let c(d) be the first derivative of d**3/3 + 9*d**2/2 + 11*d + 41. Calculate c(-6).
-7
Suppose 3*s - 37 = -5*m, -3*m = 2*m - 3*s - 43. Suppose 24 + m = 8*a. Let q(n) = -n**2 + 6*n - 5. What is q(a)?
3
Let s(t) be the third derivative of 5*t**5/12 - 27*t**2 + 5. Determine s(1).
25
Let k(j) = j**2 + 6*j + 3. Let t be 2/(-6)*-2*-15. Let i = -8 - t. Suppose 3*u + 5 = i*l, -20 - 5 = u + 4*l. What i